atest common factor of 430 and 10?
10
Calculate the greatest common factor of 101 and 9.
1
What is the highest common divisor of 6837 and 636?
159
What is the highest common factor of 375 and 65?
5
Calculate the highest common divisor of 282 and 690.
6
Calculate the greatest common divisor of 11 and 5.
1
What is the highest common divisor of 3070 and 10?
10
What is the greatest common factor of 756 and 231?
21
What is the greatest common divisor of 160 and 3232?
32
What is the greatest common divisor of 284 and 13348?
284
What is the highest common divisor of 69 and 97497?
69
Calculate the greatest common divisor of 484 and 4.
4
Calculate the highest common factor of 792 and 891.
99
What is the highest common factor of 54 and 6183?
27
Calculate the greatest common factor of 35 and 155.
5
What is the greatest common divisor of 55 and 165?
55
Calculate the highest common factor of 740 and 20.
20
Calculate the greatest common factor of 132 and 308.
44
What is the greatest common factor of 126 and 28?
14
Calculate the greatest common divisor of 52 and 689.
13
Calculate the highest common divisor of 24 and 66.
6
What is the greatest common factor of 10 and 190?
10
What is the greatest common divisor of 2060 and 20?
20
What is the greatest common divisor of 60 and 244?
4
What is the highest common factor of 84 and 1281?
21
What is the greatest common factor of 208 and 240?
16
Calculate the greatest common divisor of 114 and 171.
57
Calculate the highest common factor of 35 and 1855.
35
Calculate the highest common factor of 125 and 320.
5
Calculate the greatest common divisor of 8700 and 30.
30
What is the greatest common factor of 6 and 726?
6
Calculate the greatest common divisor of 196 and 49.
49
Calculate the greatest common factor of 112 and 1288.
56
Calculate the highest common factor of 84 and 4137.
21
Calculate the highest common factor of 88 and 385.
11
What is the greatest common divisor of 280 and 2212?
28
What is the greatest common factor of 255 and 10?
5
Calculate the greatest common factor of 440 and 30.
10
What is the greatest common factor of 16 and 848?
16
What is the greatest common divisor of 1652 and 28?
28
Calculate the greatest common divisor of 15 and 405.
15
What is the greatest common factor of 280 and 120?
40
What is the greatest common divisor of 21 and 343?
7
Calculate the highest common divisor of 39852 and 41.
41
What is the greatest common factor of 672 and 32?
32
What is the highest common factor of 486 and 138?
6
Calculate the greatest common divisor of 28 and 64.
4
Calculate the highest common divisor of 44 and 66.
22
Calculate the greatest common divisor of 414 and 322.
46
What is the greatest common factor of 435 and 21?
3
What is the highest common divisor of 711 and 9?
9
Calculate the greatest common divisor of 4416 and 24.
24
What is the highest common divisor of 715 and 65?
65
Calculate the highest common factor of 19705 and 5.
5
What is the highest common divisor of 128 and 1664?
128
Calculate the greatest common divisor of 41952 and 114.
114
Calculate the highest common divisor of 10 and 12970.
10
Calculate the greatest common divisor of 48 and 9.
3
What is the greatest common factor of 34 and 4131?
17
Calculate the highest common divisor of 1035 and 375.
15
What is the greatest common factor of 14 and 490?
14
What is the highest common factor of 793 and 1464?
61
What is the highest common divisor of 6138 and 363?
33
What is the highest common factor of 11 and 1738?
11
Calculate the greatest common factor of 225 and 2745.
45
Calculate the greatest common divisor of 11376 and 144.
144
Calculate the highest common divisor of 427 and 7.
7
Calculate the highest common factor of 13 and 13169.
13
Calculate the greatest common divisor of 2097 and 36.
9
What is the highest common divisor of 160 and 496?
16
What is the greatest common factor of 236 and 22656?
236
What is the highest common divisor of 4 and 878?
2
What is the highest common factor of 56289 and 87?
87
What is the greatest common factor of 720 and 160?
80
Calculate the highest common divisor of 119 and 42.
7
What is the greatest common divisor of 14 and 6538?
14
Calculate the highest common factor of 22659 and 83.
83
Calculate the highest common factor of 310 and 124.
62
Calculate the greatest common factor of 1017 and 99.
9
Calculate the greatest common factor of 104 and 32.
8
Calculate the highest common factor of 86 and 34.
2
Calculate the highest common factor of 215 and 172.
43
What is the highest common divisor of 105 and 84?
21
What is the highest common factor of 18031 and 13?
13
Calculate the greatest common divisor of 299 and 13.
13
Calculate the highest common factor of 2970 and 3366.
198
What is the highest common divisor of 272 and 6800?
272
What is the highest common factor of 154 and 98?
14
Calculate the greatest common factor of 12 and 316.
4
Calculate the greatest common divisor of 782 and 102.
34
What is the greatest common divisor of 5 and 135?
5
What is the greatest common divisor of 141 and 11233?
47
Calculate the highest common divisor of 64 and 112.
16
Calculate the highest common factor of 4 and 18388.
4
What is the highest common divisor of 2291 and 1073?
29
Calculate the highest common divisor of 91 and 9607.
13
Calculate the greatest common divisor of 6 and 8868.
6
What is the highest common divisor of 4 and 11?
1
What is the highest common factor of 1078 and 363?
11
What is the greatest common factor of 1230 and 9102?
246
What is the highest common factor of 16 and 392?
8
What is the greatest common divisor of 3 and 47721?
3
Calculate the highest common divisor of 11 and 396.
11
What is the highest common divisor of 492 and 1353?
123
Calculate the highest common divisor of 18603 and 13.
13
What is the greatest common factor of 25 and 225?
25
Calculate the highest common divisor of 1978 and 430.
86
What is the greatest common factor of 658 and 517?
47
Calculate the greatest common factor of 49 and 27587.
49
What is the highest common factor of 1168 and 219?
73
What is the greatest common divisor of 81 and 5751?
81
Calculate the greatest common divisor of 34 and 2.
2
Calculate the greatest common divisor of 84 and 378.
42
Calculate the greatest common factor of 72 and 88.
8
Calculate the highest common divisor of 99 and 34650.
99
Calculate the greatest common divisor of 16 and 296.
8
What is the greatest common divisor of 16440 and 120?
120
Calculate the greatest common factor of 123 and 3321.
123
Calculate the greatest common divisor of 762 and 2921.
127
What is the highest common divisor of 403 and 2201?
31
What is the highest common factor of 56 and 216?
8
What is the greatest common factor of 1764 and 11025?
441
What is the highest common factor of 1927 and 235?
47
Calculate the highest common divisor of 581 and 1992.
83
Calculate the highest common factor of 33 and 286.
11
Calculate the greatest common divisor of 690 and 69.
69
What is the greatest common divisor of 11999 and 26?
13
Calculate the greatest common divisor of 10 and 465.
5
What is the greatest common divisor of 26 and 1989?
13
What is the highest common divisor of 176 and 11?
11
What is the highest common factor of 171 and 19?
19
Calculate the greatest common divisor of 3197 and 368.
23
Calculate the greatest common divisor of 131 and 20567.
131
What is the highest common divisor of 18 and 18?
18
What is the greatest common divisor of 24 and 8?
8
Calculate the highest common factor of 7747 and 183.
61
Calculate the greatest common factor of 30 and 5.
5
What is the greatest common divisor of 156 and 65?
13
Calculate the greatest common divisor of 33 and 21.
3
What is the greatest common factor of 476 and 85?
17
Calculate the greatest common divisor of 1196 and 260.
52
Calculate the greatest common factor of 501 and 2171.
167
What is the greatest common divisor of 222 and 114?
6
Calculate the greatest common divisor of 7152 and 96.
48
Calculate the highest common factor of 280 and 1880.
40
Calculate the greatest common divisor of 595 and 952.
119
Calculate the greatest common divisor of 17 and 68.
17
Calculate the greatest common divisor of 177 and 649.
59
What is the greatest common factor of 2 and 368?
2
What is the greatest common factor of 187 and 119